 3*y**3 - 4*y**2 + 4*y + 5. Calculate the remainder when m(4) is divided by 19.
16
Let j = 26 - 11. Let x = -10 + 39. What is the remainder when x is divided by j?
14
Suppose -3*z + 159 = -3*h, -2*z + 0*z + 116 = 3*h. What is the remainder when z is divided by 28?
27
Let b(c) = 4*c + 4. What is the remainder when 95 is divided by b(5)?
23
Let d(n) = n**2 + 2*n + 2. Let w be d(-8). Let m = w + -31. Calculate the remainder when 36 is divided by m.
17
Suppose -2*s = -s + 4. Let g(n) = -n + 1. Calculate the remainder when (-2)/s*2 - -14 is divided by g(-8).
6
Let i(f) = 20 - 17*f + 17*f - f**2. What is the remainder when 78 is divided by i(0)?
18
Suppose -2*l + s + 7 + 29 = 0, 0 = 4*s. Suppose -105 = -2*j - j. Calculate the remainder when j is divided by l.
17
Let o(b) = b**3 + 9*b**2 + 10*b + 11. Let h be o(-8). What is the remainder when 47 - h/((-10)/4) is divided by ((-2)/(-4))/((-3)/(-96))?
13
Suppose 2 = 6*j - 5*j. Suppose j*v = 3*h + 142 - 21, -240 = -5*v - 5*h. Calculate the remainder when v is divided by 14.
11
Calculate the remainder when (-150)/(-4) - (5 - 45/10) is divided by 13.
11
What is the remainder when 34 is divided by (-19)/(1 - (-2)/(-1))?
15
Let j = -38 + 54. Suppose 6*q = q + 3*y + 76, q - y = j. What is the remainder when 27 is divided by q?
13
Let f = 67 - 36. Suppose -4*x + 0*x = -3*t + 43, 2*x + 30 = 2*t. Calculate the remainder when f is divided by t.
14
Let h(f) be the second derivative of f**4/3 + f**3/3 - f**2 + 2*f. Calculate the remainder when 13 is divided by h(1).
1
Suppose 11 = 2*l - 1. Suppose l = -5*g + 61. What is the remainder when g is divided by 6?
5
Let l(v) be the first derivative of 2*v**3/3 + 2*v**2 - v + 2. Calculate the remainder when 42 is divided by l(-4).
12
Let s = 30 - 16. What is the remainder when s is divided by -1 + 7 + (0 - -2)?
6
Let v(o) = -o + 3. Let w be v(5). Calculate the remainder when ((-7)/w)/((-2)/(-8)) is divided by (-1254)/(-308) - 1/14.
2
Let i be (1 - -7)*(12 - 6). Calculate the remainder when i - (2 + -1)*-2 is divided by 34*((-21)/(-6) + -3).
16
Suppose 4*l - 48 - 20 = 0. Let v = 131 + -121. Calculate the remainder when l is divided by v.
7
Suppose 5*f - 70 = 25. Let c(h) = -2*h**3 - 2*h**2 + h + 4. Let p(g) = -2*g**2 + 2*g + 1. Let s be p(-1). What is the remainder when c(s) is divided by f?
18
Suppose 0 = -2*c - 2*m + 38 - 14, 52 = 3*c - m. Let o = c - -13. What is the remainder when 56 is divided by o?
27
Let p(r) = -r**2 + 2*r + 1. Let s be p(3). Let v = s - -5. Suppose 8*c - 85 = -5*u + 3*c, -9 = v*c. Calculate the remainder when 59 is divided by u.
19
Let b(c) = -2*c + 1. Let x be b(-3). Suppose -q + x = -8. What is the remainder when q is divided by 6?
3
Let w = 40 - -13. Calculate the remainder when w is divided by 8.
5
Let q be ((-1)/(-3))/(3/9). Suppose b - q - 2 = 0. Suppose 5*i = -4*g + 7 + 84, i = -b*g + 16. What is the remainder when i is divided by 7?
5
Suppose 0 = -2*s - 4*u + 66, 2*s = -s + 5*u + 154. Calculate the remainder when 128 is divided by s.
42
Suppose 0*r - 2*r + 62 = 0. Suppose 15 - 105 = -d. Calculate the remainder when d is divided by r.
28
Let f = 11 - -4. Calculate the remainder when 59 is divided by f.
14
Suppose 3*a = -5*r + 4 + 51, -3*a + 37 = -4*r. Suppose -19 - 1 = -5*k. What is the remainder when a is divided by k?
3
Suppose 9*y = 5*y + 308. Calculate the remainder when y is divided by 27.
23
Let c(n) = n**3 - 10*n**2 - 11*n. Let y be c(11). Calculate the remainder when 23 is divided by -1*(1 + y) - -7.
5
Suppose 12 = 5*z - 3. Calculate the remainder when 11 is divided by z.
2
Let l(k) be the first derivative of -k**2/2 + 3*k + 1. Suppose -w + 5*w = -36. Calculate the remainder when 33 is divided by l(w).
9
Let l = -6 + 15. Let b = 15 - -10. What is the remainder when b is divided by l?
7
Suppose 3*h + 5*w = -59, 0 = 5*w - 2*w - 6. Let b = h + 24. What is the remainder when 3 is divided by b?
0
Suppose -173 = -2*s - 5*j - 0*j, -s + 86 = 3*j. Suppose -3*r + 320 = s. Calculate the remainder when r is divided by 16.
13
Let b(u) = 3*u - 2. Let o be b(3). Suppose 0 = -o*g + 6*g + 37. Calculate the remainder when g is divided by 8.
5
Suppose -2*o + 0*o = -5*l + 84, -5*o - 181 = 2*l. Let k = -15 - o. Calculate the remainder when (12/(-5))/(3/(-80)) is divided by k.
20
Let m(a) = 5*a**2 - 22*a + 5. What is the remainder when m(6) is divided by 18?
17
Let s = 248 - 125. Calculate the remainder when s is divided by 18.
15
Let h(n) = 9*n**2 - 12*n + 3. Let b(c) = -5*c**2 + 6*c - 1. Let z(j) = 11*b(j) + 6*h(j). What is the remainder when 19 is divided by z(-6)?
5
Let i = 1 + 1. What is the remainder when 1*4 - (5 + -5) is divided by i?
0
Let w(u) = 5*u - 3. Let j(o) = -2*o + 1. Let g(p) = 8*j(p) + 3*w(p). Calculate the remainder when 19 is divided by g(-8).
5
Suppose 0 = -0*r - r - 2. Let v be 2*2/r - -3. What is the remainder when 6 is divided by 44/12 - v/(-3)?
2
Let x = 6 + -4. Suppose -226 = -5*f - 2*m, -f + 147 = x*f + 5*m. Calculate the remainder when f is divided by 15.
14
Let g(y) = -27*y**3 - 2*y**2 + 1. Suppose -48 = 3*n - 195. Calculate the remainder when n is divided by g(-1).
23
Let v = -25 - -39. Let q = 46 - v. Suppose 0 = 2*m + 2*m - q. What is the remainder when 23 is divided by m?
7
Let i(j) = -j**3 + 5*j**2 + 4*j - 7. Let c = -126 - -134. What is the remainder when i(5) is divided by c?
5
Let u(f) be the third derivative of f**5/10 - f**4/24 - f**3/3 + 6*f**2. Calculate the remainder when 7 is divided by u(-1).
2
Suppose h - 2*d + 13 = 0, h - d - 4*d + 25 = 0. Let c(v) = -v**2 - 8*v - 3. Suppose 5*l - 170 = -0*l. What is the remainder when l is divided by c(h)?
10
Suppose x + 3*g = 17, -20 = -4*x - g + 4. Suppose x*q - 3*v = 115, -q + 2*v - 6*v = 0. Calculate the remainder when 39 is divided by q.
19
Let y(q) = 4*q**2 + 3*q + 3. Let n be y(-3). Let t = -13 + n. Let l = -3 + 9. What is the remainder when t is divided by l?
5
Let q = 129 - 45. Suppose -5*z - 112 = -2*x, -2*x + 28 = 2*z - q. Calculate the remainder when x is divided by 15.
11
Let q be 16/(-4) - (1 - 2). Let y(w) = 3*w - 14. Let k be y(6). Calculate the remainder when 14 is divided by q/6*0 + k.
2
Suppose -3*v - 215 = -4*l - 0*v, -4*v + 180 = 4*l. What is the remainder when l is divided by 13?
11
Let m(p) = -99*p - 1. Calculate the remainder when m(-1) is divided by 20.
18
Let a = -95 + 137. Let g = -28 + a. What is the remainder when 27 is divided by g?
13
Let h = -75 + 170. Let p(i) = -i**3 - 16*i**2 - 18*i - 21. Calculate the remainder when h is divided by p(-15).
23
Let i = 73 + -17. What is the remainder when i is divided by 29?
27
Suppose -4*y = 5*j - 156, -4*j - 2*y + 126 = -0*j. Let n be 0/(-2) - (3 + -5). Suppose n*t - 2 - j = 0. Calculate the remainder when t is divided by 9.
8
Suppose 0*s - 32 = 4*q - 4*s, 14 = -4*q - 5*s. Calculate the remainder when 3 - 18/3 - -38 is divided by 2/(-1*1/q).
11
Calculate the remainder when 1/((-9)/(-39))*3 is divided by (-25)/(-3) - (-6)/(-18).
5
Suppose 2*a = -t + 17, 5*a - 2*a + 87 = 3*t. Let i = t + -18. Suppose -5*y + 28 = 8. Calculate the remainder when i is divided by y.
3
Suppose q + 0*q = -d + 24, 0 = -4*q + 2*d + 114. Suppose -3*y + 48 = 2*c - 188, -y - 3*c + 74 = 0. Calculate the remainder when y is divided by q.
26
Let q(h) = -h + 9. Let j be -2 - -4*2 - 0. Let y be q(j). Suppose 172 = y*d + d. What is the remainder when d is divided by 22?
21
Suppose 3*d - 4*d = -2. Suppose 2 = 4*g - 2, -d*b - 4*g = -8. Let x = -319 - -324. Calculate the remainder when x is divided by b.
1
Suppose 11 = c + 4*b - 10, -5*b - 80 = -5*c. Suppose -c = -s - 0*s. Suppose 0 = -t - 5, -j + 3 = j + 3*t. What is the remainder when s is divided by j?
8
Let u = -38 + 65. What is the remainder when u is divided by 15?
12
Let g(t) = t**2 + 0 + 0. Let s be g(-2). Suppose -w - w = -s. What is the remainder when 3 is divided by w?
1
Let r = 0 - -53. Let x = r + -36. Suppose -4*v + 7*v = -s, x = 2*v - 5*s. Calculate the remainder when v is divided by 1.
0
Suppose 0 = -5*q - 0*q. Suppose 190 = -q*n + 5*n. Let p = -21 + 34. What is the remainder when n is divided by p?
12
Suppose -4*z + 3 = -5. Suppose -z*d + 42 = -0*d. Calculate the remainder when 4/14 + 666/d is divided by 17.
15
Let t(d) = 3*d**2 - 2. Suppose -2*u - 2 = 2. What is the remain